t a = c - 15. Let f(y) = y + 7. What is the units digit of f(a)?
1
Let t(j) = j**2 + j - 4. Let i be t(5). Suppose 2*r + 2*d - i = -0*r, 7 = 3*r - 5*d. What is the units digit of r?
9
Suppose -j + 224 = 5*v - 0*j, 0 = -2*v - 4*j + 104. What is the units digit of v?
4
Let p be 12/10*80/6. Let q = p + 2. What is the tens digit of q?
1
Let t = 4 - -13. What is the tens digit of t?
1
Let w be (6/(-4))/(6/(-16)). Suppose -4*z - 8 + w = 0. What is the units digit of z*(30/(-3) - -2)?
8
Suppose -4*c = -0*c - 816. What is the units digit of c?
4
Let f(j) = j**3 - j**2 - 4*j - 1. Let a be f(3). Let l = 6 - a. What is the units digit of l?
1
Suppose 0 = 20*f - 25*f + 395. What is the units digit of f?
9
Suppose -4*a + l = -248, 3*l - 163 = -3*a - 2*l. What is the tens digit of a?
6
Let c be (5/((-5)/(-42)))/1. Suppose -r - 4*w - 3 = 0, 3*w = 4*r + w - c. What is the units digit of r?
9
Let q = -39 - -103. What is the tens digit of q?
6
Suppose 5 + 3 = 2*g. Suppose -h + 22 = 4*o, 4*h - 130 = g*o + o. Suppose -4*c + h = -c + 3*w, -c - 3*w = -20. What is the units digit of c?
5
Let p(t) be the third derivative of t**6/120 - t**5/15 + t**4/12 - t**3/2 + 6*t**2. Suppose -h + 6 = 5*f + 2, -3*f = 0. What is the units digit of p(h)?
5
Let b be (-11)/(-3) - (-12)/(-18). Let s = 3 + -2. What is the units digit of (-2 - s)/(2 - b)?
3
Let l(s) = 2*s + 7. Let o be l(-5). What is the units digit of 2/o*(5 + -8)?
2
Let x(b) = -12*b + 2. What is the units digit of x(-2)?
6
Let a = 0 - -2. Let v = a - -2. What is the units digit of v?
4
Let k be (-14)/7 - (-1 - -5). Let h(y) = -y**2 - 8*y - 5. What is the units digit of h(k)?
7
Let u(a) = -7*a**3 - 1. Let f = 4 - 0. Suppose 4*l + f = -0*l. What is the units digit of u(l)?
6
Let v = 197 + -112. What is the units digit of v?
5
Let s(x) = 0 + x - 3 - 7 + 0. Let c be s(11). What is the units digit of (18/(-4))/(c/(-2))?
9
Let m be (-4)/((-3)/9*2). Let d be (-1)/((-3)/m) + 3. Suppose 7 + 13 = d*w. What is the units digit of w?
4
Let s(w) be the third derivative of w**5/60 + w**4/8 - w**3/6 + 3*w**2. Let m be s(-3). Let j = m - -7. What is the units digit of j?
6
Let k(u) = 2*u**2 - 5*u - 5. What is the tens digit of k(8)?
8
Let j(q) = q**3 - 5*q**2 + 1. Let z be j(4). Let o be (21/z - -1)*5. Let k = o - -5. What is the units digit of k?
3
Let h be ((-8)/6)/(2/(-12)). Let i = h + -5. Suppose -3*l = -n - 6, 0*l = -5*n + 4*l + i. What is the units digit of n?
3
Let x = -47 + 60. What is the tens digit of x?
1
Suppose h = -4*h + 205. What is the tens digit of h?
4
Let r(d) = d**2 - 2*d. Let s be r(2). Suppose f = y - 1 - 1, s = 4*f + y - 7. What is the units digit of f?
1
Suppose 2*q - 15 - 175 = 0. Suppose 0 = 5*a - q - 5. What is the tens digit of a?
2
Let g be ((-4)/10)/((-3)/(-30)). Let y(l) = -l - 4. Let v be y(g). Suppose v = 2*d - 2 - 10. What is the units digit of d?
6
Let d = 21 - -9. What is the tens digit of d?
3
Let s(y) = -y**3 - 6*y**2 + y - 8. What is the units digit of s(-7)?
4
Let u(g) = g**3 - 6*g**2 + 6*g. Let k be u(5). Suppose 32 = c - k*c. Let z = 11 + c. What is the units digit of z?
3
Suppose 0 = -2*u - 3*q + 29, -4*u + q = -65. What is the units digit of u?
6
Let q(a) = -a - 12. Let v be q(-14). Suppose -v*d = 4*w - 54, 3*w + 56 = 2*d - 12. What is the units digit of d?
1
Suppose -1 = 4*b + 3*r, -3*r = 4*b - 9*b + 19. Suppose -2*k + 0 = -b. What is the units digit of k?
1
Let h = -8 + 11. Suppose -h*a = -5*b + 132, 0 = -b + a - 6*a + 32. What is the units digit of b?
7
Let j = 14 + 20. What is the tens digit of j?
3
Let f(r) = -r. Let p be f(-4). Suppose p*a = -0*a. Suppose -3*s + 5*s - 14 = a. What is the units digit of s?
7
Let h(l) = 44*l - 18. What is the units digit of h(3)?
4
Let j = 11 + -1. Let f = 3 + j. What is the units digit of f?
3
Let n(d) = -d**3 + 27*d**2 - 13*d - 50. What is the units digit of n(26)?
8
Suppose -3*q - 2*s = s - 9, -q + 4 = 2*s. Suppose -q*t = -22 - 18. Suppose -5*h + 0*h = -t. What is the units digit of h?
4
Let f = -54 - -75. Suppose -5*l = f + 4. Let j(d) = d**2 + 2*d - 5. What is the units digit of j(l)?
0
Let d = -4 - -7. Suppose -5*u + 45 = 4*s, 2*s + d*s - 78 = u. What is the tens digit of s?
1
Let w(k) = 2*k**2 + k + 1. Let a be w(-1). Let l(y) = 7*y - 2*y + 2 - 4. What is the units digit of l(a)?
8
Let q = 579 + -169. Let r be (-6)/21 + q/14. Suppose 3*h + n = r, 0 = -4*h - 3*n + 6*n + 30. What is the units digit of h?
9
Let x = 168 - 97. What is the tens digit of x?
7
Suppose -3*w + 634 = -5*a, 4*a - 432 = -2*w + 5*a. What is the units digit of w?
8
Suppose 9 = -8*y + 329. What is the tens digit of y?
4
Let u(g) = 3*g**2 + 13*g + 7. What is the units digit of u(-5)?
7
Let r be (192/(-15))/4*-5. Suppose 3*i = -4*k + 32, 29 + r = 3*k - 3*i. What is the units digit of k?
1
Let j(v) be the third derivative of v**4/24 + v**3/3 - v**2. What is the units digit of j(0)?
2
Suppose 6*s = 141 + 1029. What is the tens digit of s?
9
Suppose 0 = 9*i - 7*i - 68. What is the units digit of i?
4
Let u(p) be the third derivative of p**5/30 - 5*p**4/24 - p**3/3 - p**2. Let r = -4 + 8. What is the tens digit of u(r)?
1
Let g = 66 - 21. What is the units digit of g?
5
Let a(p) = 1 + 3*p - 5*p - 4*p. What is the tens digit of a(-2)?
1
Suppose 4*v + 3*b - b - 10 = 0, b = v - 4. What is the units digit of v/9 - (-2)/3?
1
Suppose 3*y + 5*l - 3 = 75, 2*l = -4*y + 90. Let m = y - 12. What is the units digit of m?
9
Let o be 6224/104 + (-4)/(-26). Suppose 5*i - o = -0*i. What is the units digit of i?
2
Suppose 3 = -4*i + 3*i, -85 = -2*g + 5*i. Suppose -3*c = -g + 5. What is the units digit of c?
0
Let z(a) = -a**2 - 4*a + 6. What is the units digit of z(-4)?
6
Let x = -58 - -128. Suppose 0*i - 3*m = -3*i + 45, 5*i = 4*m + x. What is the units digit of i?
0
Let t(x) = -2*x + 2. Let n be t(3). Let h = -2 - n. Let y = h - -8. What is the units digit of y?
0
Let z(v) = -v**3 - 4*v**2 - 11*v - 14. What is the hundreds digit of z(-6)?
1
Let u(t) be the first derivative of -3*t**2 + t + 1. Let h be u(2). Let z = h + 16. What is the units digit of z?
5
Let a(u) = -u**3 + 3*u**2 + 5*u + 3. Let b be a(4). Suppose b*n = 4*n + 90. What is the units digit of n?
0
Let v(c) = c**3 + 4*c**2 - 5*c + 4. Let u be v(-5). Suppose -u*h + m = -169, h = -3*h + 4*m + 160. What is the units digit of h?
3
Let l be 1/(-3) + (-121)/(-3). Suppose -6*c + l = -2*c. Suppose c = -q + 6*q. What is the units digit of q?
2
Let q = 11 - 1. Let z = 24 - q. What is the tens digit of z?
1
Let t(k) = k**2 + 5*k - 3. Let x be -6*(2 + -4 + 3). Let w be t(x). Suppose -5*a - j + 11 = -11, -16 = -w*a - 2*j. What is the units digit of a?
4
What is the units digit of (1/(-2))/((-2)/(-24)*-2)?
3
Let l(n) = -n**3 + 4*n**2 - 2*n + 8. Let i be l(4). Suppose 3*x - 121 + 16 = i. What is the tens digit of x?
3
Let a be 33*(-2 - (-24)/9). Suppose 0*u - a = -u. Suppose 4*m - 2*m - u = 0. What is the units digit of m?
1
Suppose -4*z - q = -3*q - 20, -4*z + 8 = q. What is the units digit of z?
3
Suppose 45 = 3*u + 3*c, -c = -0*c - 1. What is the units digit of u?
4
Let d be -3 - (-3 + 0)*83. What is the tens digit of (-2)/(-6) - d/(-18)?
1
Let u be 1*-1 + 2 - -2. Let p be -4 - (-21)/3 - 1. Suppose -40 = -u*v - p*v. What is the units digit of v?
8
Let x(l) = -52*l + 1. What is the units digit of x(-1)?
3
Let m = -6 + 6. Suppose m*r + 42 = 3*r. What is the units digit of r?
4
Let m(s) = s**2 + 3*s - 4. Let w be m(-5). Let k = w + -2. Let c = k - -3. What is the units digit of c?
7
Suppose -4*n - 62 + 10 = 0. Let g = 24 + n. What is the tens digit of g?
1
Suppose -3*c = -3*x + 2*x + 27, -2*x + 5*c + 53 = 0. Suppose 2*w - 4 = 5*q + 17, 0 = -5*w + 3*q + x. What is the units digit of w?
3
Let x = 172 + -92. What is the tens digit of x?
8
Let p(v) = 3*v**2 + v - 4. What is the tens digit of p(-4)?
4
Suppose 6 = 3*b, 0 = g - 4*b + 1. What is the units digit of g?
7
Let j be 88/(-6)*(-165)/(-22). What is the units digit of (j/(-33))/(2/3)?
5
Suppose -4*p + 2*k = -k - 184, 5*k = -4*p + 152. Let w = p + -27. What is the units digit of w?
6
Suppose 0 = 2*n + 3*n - 50. Suppose -2*b - 3*b - n = 0. What is the units digit of (3 + b - 3) + 4?
2
Suppose 576 = t + 7*t. What is the units digit of t?
2
Let b = -44 + 125. What is the tens digit of b?
8
Suppose -3*a